se
Is 54108482 prime?
False
Is 4891399 a composite number?
False
Is 10107353 composite?
True
Is 44573231 a prime number?
True
Is 7745011 a prime number?
True
Is 7641737 a composite number?
False
Is 12474721 a prime number?
False
Is 46708889 prime?
False
Is 121288087 prime?
True
Is 1093523 a prime number?
False
Is 7141307 a composite number?
False
Is 64062421 a prime number?
False
Is 210203 prime?
False
Is 239370977 a prime number?
True
Is 52081723 a composite number?
False
Is 4212493 composite?
True
Is 453337399 a prime number?
True
Is 3053629 composite?
False
Is 2015473 a composite number?
False
Is 107852663 a composite number?
False
Is 7152521 prime?
False
Is 81680117 a composite number?
False
Is 346331071 a composite number?
False
Is 29765231 a prime number?
True
Is 713312779 a composite number?
False
Is 98187689 a composite number?
False
Is 52040293 a prime number?
True
Is 5128283 a prime number?
True
Is 141179 a composite number?
False
Is 1388481 prime?
False
Is 11824771 composite?
True
Is 1164497 composite?
False
Is 81371827 a prime number?
True
Is 33793 a composite number?
True
Is 329838121 a prime number?
False
Is 4056023 a prime number?
True
Is 32060785 composite?
True
Is 137696783 a prime number?
False
Is 3438079 composite?
True
Is 64848181 a prime number?
False
Is 307631 prime?
True
Is 119549 composite?
False
Is 363303443 prime?
True
Is 3368977 a prime number?
False
Is 887077 a prime number?
False
Is 84581641 composite?
False
Is 76369087 a composite number?
False
Is 4290179 a composite number?
False
Is 143410937 a prime number?
True
Is 157901743 a composite number?
False
Is 5911123 a prime number?
True
Is 6206993 a prime number?
False
Is 1418707 prime?
False
Is 488381 prime?
True
Is 11140499 prime?
False
Is 32941997 prime?
False
Is 3223963 prime?
True
Is 18149981 prime?
True
Is 5050703 composite?
True
Is 4591991 a composite number?
False
Is 501673 prime?
False
Is 10354447 a prime number?
True
Is 4364011 composite?
False
Is 20404093 a prime number?
True
Is 505769 a prime number?
False
Is 116226763 a composite number?
True
Is 56537659 prime?
True
Is 201715 prime?
False
Is 25713383 prime?
True
Is 72500647 a composite number?
True
Is 132681086 prime?
False
Is 11050199 composite?
True
Is 27586691 a composite number?
True
Is 272128033 a composite number?
True
Is 26138503 prime?
False
Is 7715183 a composite number?
True
Is 37771651 prime?
True
Is 1422772423 a composite number?
True
Is 329326711 a composite number?
True
Is 384043 a prime number?
False
Is 3310117 composite?
False
Is 1670303 a composite number?
False
Is 7310027 a composite number?
False
Is 579737 a composite number?
False
Is 6878321 prime?
True
Is 8697677 composite?
False
Is 5174767 composite?
True
Is 66659759 prime?
False
Is 1977967399 a prime number?
True
Is 7104803 a prime number?
False
Is 3787885 composite?
True
Is 1732447 a composite number?
False
Is 4915133 a composite number?
False
Is 94411983 composite?
True
Is 83794331 a prime number?
True
Is 17015686 composite?
True
Is 983251 a prime number?
False
Is 5363854 composite?
True
Is 7102397 a prime number?
True
Is 3385285 a composite number?
True
Is 9483681 composite?
True
Is 494717943 composite?
True
Is 7651339 composite?
False
Is 3228341 prime?
True
Is 3315197 composite?
True
Is 5267597 composite?
True
Is 7604507 prime?
False
Is 169818097 a prime number?
False
Is 32161543 prime?
True
Is 154978543 a prime number?
False
Is 331755701 a prime number?
True
Is 10247009 composite?
False
Is 287354101 composite?
False
Is 2388797 a prime number?
True
Is 3521 a prime number?
False
Is 277957789 a composite number?
True
Is 9495583 prime?
True
Is 41411207 a composite number?
False
Is 9273091 a composite number?
True
Is 35243881 a prime number?
True
Is 213553 a prime number?
True
Is 201765358 a prime number?
False
Is 27952517 a prime number?
True
Is 141012283 a prime number?
False
Is 1516483 a prime number?
True
Is 6318321 a composite number?
True
Is 1941379 a prime number?
False
Is 1469833 a prime number?
True
Is 118967 a composite number?
False
Is 4825333 composite?
False
Is 8447631 a prime number?
False
Is 5991631 composite?
True
Is 10999601 a composite number?
False
Is 713555 composite?
True
Is 18770467 a composite number?
False
Is 39541654 composite?
True
Is 189656861 prime?
True
Is 224138113 composite?
True
Is 183276551 a prime number?
True
Is 98289311 a prime number?
False
Is 324034327 composite?
True
Is 32672407 prime?
True
Is 17821339 prime?
True
Is 78073273 a composite number?
True
Is 198880013 prime?
True
Is 224463947 composite?
False
Is 6812207 composite?
False
Is 385891 a composite number?
True
Is 94475833 composite?
False
Is 103289 a composite number?
False
Is 496735 a prime number?
False
Is 161781934 a prime number?
False
Is 40149533 prime?
False
Is 64378661 composite?
True
Is 476037355 a prime number?
False
Is 1364963 a composite number?
False
Is 660299 composite?
False
Is 526829 a prime number?
True
Is 163041287 a prime number?
True
Is 4208549 prime?
True
Is 28802483 a prime number?
True
Is 6697169 a composite number?
False
Is 18726587 a prime number?
False
Is 280071293 a prime number?
True
Is 6037909 a composite number?
False
Is 4652677 a composite number?
False
Is 170299601 a prime number?
False
Is 3191471 prime?
True
Is 30804347 composite?
True
Is 372113729 a prime number?
False
Is 69876991 composite?
False
Is 928249 a composite number?
True
Is 8021821 a prime number?
True
Is 28434613 a prime number?
True
Is 345839519 prime?
True
Is 1566767 prime?
True
Is 6625237 a composite number?
False
Is 929941 composite?
False
Is 89559779 composite?
False
Is 590287 prime?
False
Is 94365511 prime?
False
Is 66077071 prime?
False
Is 392903395 a composite number?
True
Is 2704381 prime?
True
Is 31131673 a prime number?
False
Is 10127981 a prime number?
False
Is 40790329 prime?
True
Is 1268325757 a prime number?
True
Is 24265481 composite?
True
Is 1349807 a composite number?
False
Is 1550477 prime?
True
Is 17643611 prime?
True
Is 11293739 a composite number?
False
Is 62968711 a prime number?
False
Is 210147109 prime?
False
Is 4375081 prime?
False
Is 55691 a prime number?
True
Is 35546191 composite?
True
Is 7429907 prime?
True
Is 165514759 a composite number?
True
Is 32040543 composite?
True
Is 766371 prime?
False
Is 140464531 prime?
False
Is 8409547 composite?
True
Is 24260231 prime?
False
Is 237597707 a composite number?
False
Is 26292349 a prime number?
True
Is 42151 prime?
False
Is 1632733 a prime number?
False
Is 441984367 prime?
False
Is 11400643 a composite number?
False
Is 67141237 prime?
True
Is 6883687 prime?
True
Is 1549033 a composite number?
False
Is 207733103 a composite number?
True
Is 212149799 a prime number?
True
Is 672167 composite?
False
Is 656023 a composite number?
False
Is 53999873 composite?
True
Is 11486701 a composite number?
False
Is 1181969 composite?
False
Is 2204327 a prime number?
True
Is 219488719 a composite number?
False
Is 7964183 prime?
False
Is 6584311 prime?
True
Is 4342799 a prime number?
False
Is 102746417 composite?
False
Is 22601791 composite?
False
Is 365828653 a prime number?
False
Is 6447533 a prime number?
True
Is 375017 a prime number?
True
Is 238824641 prime?
False
Is 368707 a composite number?
True
Is 4575993 composite?
True
Is 13163267 a prime number?
False
Is 673741699 composite?
False
Is 12230003 composite?
False
Is 902070965 prime?
False
Is 1153309 a composite number?
False
Is 22494359 prime?
True
Is 204047 prime?
True
Is 12307121 a prime number?
False
Is 27512689 a composite number?
False
Is 3495497 a composite number?
False
Is 54256427 prime?
False
Is 546062323 prime?
True
Is 53244757 a composite number?
False
Is 1070437 a composite number?
True
Is 23399371 a composite number?
False
Is 1050797 prime?
False
Is 1180097 a composite number?
True
Is 1619371 composite?
True
Is 4821847 prime?
True
Is 583177729 a composite number?
True
Is 12913573 a prime number?
False
Is 1249559 a prime number?
True
Is 701315861 composite?
False
Is 16726189 a composite number?
True
Is 26809522 a prime number?
False
Is 2126557 prime?
False
Is 15172097 prime?
False
Is 185597 prime?
False
Is 9548117 a composite number?
False
Is 1607773 a prime number?
True
Is 19889777 prime?
True
Is 2089933 a composit